{"id":110,"date":"2019-12-15T11:40:27","date_gmt":"2019-12-15T10:40:27","guid":{"rendered":"http:\/\/laurbanahairsalon13.es\/?page_id=110"},"modified":"2024-04-24T09:36:49","modified_gmt":"2024-04-24T08:36:49","slug":"contacto","status":"publish","type":"page","link":"https:\/\/laurbanahairsalon13.es\/index.php\/contacto\/","title":{"rendered":"CONTACTO"},"content":{"rendered":"\r\n<p>No dudes en contactar con nosotros, te asesoraremos sin compromiso.<\/p>\r\n\r\n\r\n\r\n<p><strong>\u00a1Pide t\u00fa cita previa!<\/strong><\/p>\r\n\r\n\r\n\r\n<p><strong>EMAIL:<\/strong>\u00a0<a href=\"mailto:info@laurbanahairsalon13.es\">info@laurbanahairsalon13.es<\/a><br \/><strong>TEL\u00c9FONO:\u00a0<\/strong><a href=\"tel:+34886111496\">886.11.14.96<\/a><\/p>\r\n<p><strong>DIRECCI\u00d3N:<\/strong>\u00a0C\/Seraf\u00edn Avenda\u00f1o 13 36201 Vigo<\/p>\r\n\r\n\r\n<center><iframe loading=\"lazy\" style=\"border: 0;\" tabindex=\"0\" src=\"https:\/\/www.google.com\/maps\/embed?pb=!1m18!1m12!1m3!1d2953.927212807299!2d-8.714704284547583!3d42.23736797919539!2m3!1f0!2f0!3f0!3m2!1i1024!2i768!4f13.1!3m3!1m2!1s0xd2f6318593635a9%3A0x51bc8768b35d3d32!2sLa%20Urbana%20Hair%20Salon%2013!5e0!3m2!1sgl!2ses!4v1585588976211!5m2!1sgl!2ses\" width=\"400\" height=\"300\" frameborder=\"0\" allowfullscreen=\"allowfullscreen\" aria-hidden=\"false\"><\/iframe><\/center>\r\n\r\n\r\n<p><strong>HORARIO:<\/strong>\u00a0<br \/>Martes a Viernes de 10:00 a\u00a0 20:00<br \/>S\u00e1bados de 09.00a 14:00<\/p>\r\n\r\n\r\n\r\n<figure><\/figure>\r\n\r\n\r\n\r\n<figure><\/figure>\r\n<p>&nbsp;<\/p>\r\n\r\n<h2><a href=\"http:\/\/laurbanahairsalon13.booksy.com\"> RESERVA ONLINE<\/a><\/h2>\r\n<p>&nbsp;<\/p>\r\n<div>\r\n<pre>*Esta empresa aplica una pol\u00edtica de cancelaci\u00f3n en determinados servicios y se reserva el derecho de cobrar una tasa de cancelaci\u00f3n por no presentarse a la cita o por cancelar tarde. Ten en cuenta que se puede <br \/>considerar una falta de asistencia si llegas tarde a la cita programada, y depende de la empresa decidir si se aplica la tasa.<br \/><br \/>La tasa de cancelaci\u00f3n solo se aplica si infringes los t\u00e9rminos de la pol\u00edtica de cancelaci\u00f3n. Si te presentas a la cita a tiempo o cancelas antes de la fecha l\u00edmite indicada en la p\u00e1gina de confirmaci\u00f3n, no se te cobrar\u00e1 ninguna tasa de cancelaci\u00f3n a tu cuenta. Como la tasa no se aplica a las citas finalizadas con \u00e9xito, deber\u00e1s abonar la totalidad de tu cita una vez completado el servicio.<\/pre>\r\n<\/div>\r\n<div>\u00a0<\/div>","protected":false},"excerpt":{"rendered":"<p>No dudes en contactar con nosotros, te asesoraremos sin compromiso. \u00a1Pide t\u00fa cita previa! EMAIL:\u00a0info@laurbanahairsalon13.esTEL\u00c9FONO:\u00a0886.11.14.96 DIRECCI\u00d3N:\u00a0C\/Seraf\u00edn Avenda\u00f1o 13 36201 Vigo HORARIO:\u00a0Martes a Viernes de 10:00 a\u00a0 20:00S\u00e1bados de 09.00a 14:00<\/p>\n<p class=\"more-link\"><a href=\"https:\/\/laurbanahairsalon13.es\/index.php\/contacto\/\" class=\"readmore\">Seguir leyendo<svg class=\"icon icon-arrow-right\" aria-hidden=\"true\" role=\"img\"> <use href=\"#icon-arrow-right\" xlink:href=\"#icon-arrow-right\"><\/use> <\/svg><span class=\"screen-reader-text\">CONTACTO<\/span><\/a><\/p>\n","protected":false},"author":1,"featured_media":0,"parent":0,"menu_order":0,"comment_status":"closed","ping_status":"closed","template":"","meta":{"_mi_skip_tracking":false},"yoast_head":"<!-- This site is optimized with the Yoast SEO plugin v18.0 - https:\/\/yoast.com\/wordpress\/plugins\/seo\/ -->\n<title>CONTACTO &#8902;<\/title>\n<meta name=\"robots\" content=\"index, follow, max-snippet:-1, max-image-preview:large, max-video-preview:-1\" \/>\n<link rel=\"canonical\" href=\"https:\/\/laurbanahairsalon13.es\/index.php\/contacto\/\" \/>\n<meta property=\"og:locale\" content=\"es_ES\" \/>\n<meta property=\"og:type\" content=\"article\" \/>\n<meta property=\"og:title\" content=\"CONTACTO &#8902;\" \/>\n<meta property=\"og:description\" content=\"No dudes en contactar con nosotros, te asesoraremos sin compromiso. \u00a1Pide t\u00fa cita previa! EMAIL:\u00a0info@laurbanahairsalon13.esTEL\u00c9FONO:\u00a0886.11.14.96 DIRECCI\u00d3N:\u00a0C\/Seraf\u00edn Avenda\u00f1o 13 36201 Vigo HORARIO:\u00a0Martes a Viernes de 10:00 a\u00a0 20:00S\u00e1bados de 09.00a 14:00Seguir leyendo CONTACTO\" \/>\n<meta property=\"og:url\" content=\"https:\/\/laurbanahairsalon13.es\/index.php\/contacto\/\" \/>\n<meta property=\"article:publisher\" content=\"https:\/\/www.facebook.com\/LaUrbana.hairsalon13\/\" \/>\n<meta property=\"article:modified_time\" content=\"2024-04-24T08:36:49+00:00\" \/>\n<meta name=\"twitter:card\" content=\"summary_large_image\" \/>\n<meta name=\"twitter:site\" content=\"@Laurbanahair\" \/>\n<meta name=\"twitter:label1\" content=\"Tiempo de lectura\" \/>\n\t<meta name=\"twitter:data1\" content=\"1 minuto\" \/>\n<script type=\"application\/ld+json\" class=\"yoast-schema-graph\">{\"@context\":\"https:\/\/schema.org\",\"@graph\":[{\"@type\":\"Organization\",\"@id\":\"https:\/\/laurbanahairsalon13.es\/#organization\",\"name\":\"La Urbana Hair Salon 13\",\"url\":\"https:\/\/laurbanahairsalon13.es\/\",\"sameAs\":[\"https:\/\/www.facebook.com\/LaUrbana.hairsalon13\/\",\"https:\/\/www.instagram.com\/laurbana.hairsalon13\/?hl=es\",\"https:\/\/twitter.com\/Laurbanahair\"],\"logo\":{\"@type\":\"ImageObject\",\"@id\":\"https:\/\/laurbanahairsalon13.es\/#logo\",\"inLanguage\":\"es\",\"url\":\"https:\/\/laurbanahairsalon13.es\/wp-content\/uploads\/2020\/03\/logo-1.jpg\",\"contentUrl\":\"https:\/\/laurbanahairsalon13.es\/wp-content\/uploads\/2020\/03\/logo-1.jpg\",\"width\":446,\"height\":196,\"caption\":\"La Urbana Hair Salon 13\"},\"image\":{\"@id\":\"https:\/\/laurbanahairsalon13.es\/#logo\"}},{\"@type\":\"WebSite\",\"@id\":\"https:\/\/laurbanahairsalon13.es\/#website\",\"url\":\"https:\/\/laurbanahairsalon13.es\/\",\"name\":\"La Urbana Hair Salon 13 - Salon de Peluquer\u00eda Unisex Vigo\",\"description\":\"CITA PREVIA\",\"publisher\":{\"@id\":\"https:\/\/laurbanahairsalon13.es\/#organization\"},\"potentialAction\":[{\"@type\":\"SearchAction\",\"target\":{\"@type\":\"EntryPoint\",\"urlTemplate\":\"https:\/\/laurbanahairsalon13.es\/?s={search_term_string}\"},\"query-input\":\"required name=search_term_string\"}],\"inLanguage\":\"es\"},{\"@type\":\"WebPage\",\"@id\":\"https:\/\/laurbanahairsalon13.es\/index.php\/contacto\/#webpage\",\"url\":\"https:\/\/laurbanahairsalon13.es\/index.php\/contacto\/\",\"name\":\"CONTACTO &#8902;\",\"isPartOf\":{\"@id\":\"https:\/\/laurbanahairsalon13.es\/#website\"},\"datePublished\":\"2019-12-15T10:40:27+00:00\",\"dateModified\":\"2024-04-24T08:36:49+00:00\",\"breadcrumb\":{\"@id\":\"https:\/\/laurbanahairsalon13.es\/index.php\/contacto\/#breadcrumb\"},\"inLanguage\":\"es\",\"potentialAction\":[{\"@type\":\"ReadAction\",\"target\":[\"https:\/\/laurbanahairsalon13.es\/index.php\/contacto\/\"]}]},{\"@type\":\"BreadcrumbList\",\"@id\":\"https:\/\/laurbanahairsalon13.es\/index.php\/contacto\/#breadcrumb\",\"itemListElement\":[{\"@type\":\"ListItem\",\"position\":1,\"name\":\"Portada\",\"item\":\"https:\/\/laurbanahairsalon13.es\/\"},{\"@type\":\"ListItem\",\"position\":2,\"name\":\"CONTACTO\"}]}]}<\/script>\n<!-- \/ Yoast SEO plugin. -->","yoast_head_json":{"title":"CONTACTO &#8902;","robots":{"index":"index","follow":"follow","max-snippet":"max-snippet:-1","max-image-preview":"max-image-preview:large","max-video-preview":"max-video-preview:-1"},"canonical":"https:\/\/laurbanahairsalon13.es\/index.php\/contacto\/","og_locale":"es_ES","og_type":"article","og_title":"CONTACTO &#8902;","og_description":"No dudes en contactar con nosotros, te asesoraremos sin compromiso. \u00a1Pide t\u00fa cita previa! EMAIL:\u00a0info@laurbanahairsalon13.esTEL\u00c9FONO:\u00a0886.11.14.96 DIRECCI\u00d3N:\u00a0C\/Seraf\u00edn Avenda\u00f1o 13 36201 Vigo HORARIO:\u00a0Martes a Viernes de 10:00 a\u00a0 20:00S\u00e1bados de 09.00a 14:00Seguir leyendo CONTACTO","og_url":"https:\/\/laurbanahairsalon13.es\/index.php\/contacto\/","article_publisher":"https:\/\/www.facebook.com\/LaUrbana.hairsalon13\/","article_modified_time":"2024-04-24T08:36:49+00:00","twitter_card":"summary_large_image","twitter_site":"@Laurbanahair","twitter_misc":{"Tiempo de lectura":"1 minuto"},"schema":{"@context":"https:\/\/schema.org","@graph":[{"@type":"Organization","@id":"https:\/\/laurbanahairsalon13.es\/#organization","name":"La Urbana Hair Salon 13","url":"https:\/\/laurbanahairsalon13.es\/","sameAs":["https:\/\/www.facebook.com\/LaUrbana.hairsalon13\/","https:\/\/www.instagram.com\/laurbana.hairsalon13\/?hl=es","https:\/\/twitter.com\/Laurbanahair"],"logo":{"@type":"ImageObject","@id":"https:\/\/laurbanahairsalon13.es\/#logo","inLanguage":"es","url":"https:\/\/laurbanahairsalon13.es\/wp-content\/uploads\/2020\/03\/logo-1.jpg","contentUrl":"https:\/\/laurbanahairsalon13.es\/wp-content\/uploads\/2020\/03\/logo-1.jpg","width":446,"height":196,"caption":"La Urbana Hair Salon 13"},"image":{"@id":"https:\/\/laurbanahairsalon13.es\/#logo"}},{"@type":"WebSite","@id":"https:\/\/laurbanahairsalon13.es\/#website","url":"https:\/\/laurbanahairsalon13.es\/","name":"La Urbana Hair Salon 13 - Salon de Peluquer\u00eda Unisex Vigo","description":"CITA PREVIA","publisher":{"@id":"https:\/\/laurbanahairsalon13.es\/#organization"},"potentialAction":[{"@type":"SearchAction","target":{"@type":"EntryPoint","urlTemplate":"https:\/\/laurbanahairsalon13.es\/?s={search_term_string}"},"query-input":"required name=search_term_string"}],"inLanguage":"es"},{"@type":"WebPage","@id":"https:\/\/laurbanahairsalon13.es\/index.php\/contacto\/#webpage","url":"https:\/\/laurbanahairsalon13.es\/index.php\/contacto\/","name":"CONTACTO &#8902;","isPartOf":{"@id":"https:\/\/laurbanahairsalon13.es\/#website"},"datePublished":"2019-12-15T10:40:27+00:00","dateModified":"2024-04-24T08:36:49+00:00","breadcrumb":{"@id":"https:\/\/laurbanahairsalon13.es\/index.php\/contacto\/#breadcrumb"},"inLanguage":"es","potentialAction":[{"@type":"ReadAction","target":["https:\/\/laurbanahairsalon13.es\/index.php\/contacto\/"]}]},{"@type":"BreadcrumbList","@id":"https:\/\/laurbanahairsalon13.es\/index.php\/contacto\/#breadcrumb","itemListElement":[{"@type":"ListItem","position":1,"name":"Portada","item":"https:\/\/laurbanahairsalon13.es\/"},{"@type":"ListItem","position":2,"name":"CONTACTO"}]}]}},"_links":{"self":[{"href":"https:\/\/laurbanahairsalon13.es\/index.php\/wp-json\/wp\/v2\/pages\/110"}],"collection":[{"href":"https:\/\/laurbanahairsalon13.es\/index.php\/wp-json\/wp\/v2\/pages"}],"about":[{"href":"https:\/\/laurbanahairsalon13.es\/index.php\/wp-json\/wp\/v2\/types\/page"}],"author":[{"embeddable":true,"href":"https:\/\/laurbanahairsalon13.es\/index.php\/wp-json\/wp\/v2\/users\/1"}],"replies":[{"embeddable":true,"href":"https:\/\/laurbanahairsalon13.es\/index.php\/wp-json\/wp\/v2\/comments?post=110"}],"version-history":[{"count":25,"href":"https:\/\/laurbanahairsalon13.es\/index.php\/wp-json\/wp\/v2\/pages\/110\/revisions"}],"predecessor-version":[{"id":3971,"href":"https:\/\/laurbanahairsalon13.es\/index.php\/wp-json\/wp\/v2\/pages\/110\/revisions\/3971"}],"wp:attachment":[{"href":"https:\/\/laurbanahairsalon13.es\/index.php\/wp-json\/wp\/v2\/media?parent=110"}],"curies":[{"name":"wp","href":"https:\/\/api.w.org\/{rel}","templated":true}]}}