{"id":167,"date":"2019-12-15T18:55:25","date_gmt":"2019-12-15T17:55:25","guid":{"rendered":"http:\/\/laurbanahairsalon13.es\/?page_id=167"},"modified":"2024-04-24T09:41:27","modified_gmt":"2024-04-24T08:41:27","slug":"inicio","status":"publish","type":"page","link":"https:\/\/laurbanahairsalon13.es\/","title":{"rendered":""},"content":{"rendered":"\r\n<p style=\"text-align: center;\"><img loading=\"lazy\" class=\"wp-image-3773 aligncenter\" src=\"https:\/\/laurbanahairsalon13.es\/wp-content\/uploads\/2024\/01\/chakras-300x203.jpg\" alt=\"\" width=\"641\" height=\"434\" srcset=\"https:\/\/laurbanahairsalon13.es\/wp-content\/uploads\/2024\/01\/chakras-300x203.jpg 300w, https:\/\/laurbanahairsalon13.es\/wp-content\/uploads\/2024\/01\/chakras-1024x691.jpg 1024w, https:\/\/laurbanahairsalon13.es\/wp-content\/uploads\/2024\/01\/chakras-768x519.jpg 768w, https:\/\/laurbanahairsalon13.es\/wp-content\/uploads\/2024\/01\/chakras.jpg 1290w\" sizes=\"(max-width: 641px) 100vw, 641px\" \/><\/p>\r\n<p style=\"text-align: left;\"><img loading=\"lazy\" class=\"wp-image-3614 aligncenter\" src=\"https:\/\/laurbanahairsalon13.es\/wp-content\/uploads\/2022\/04\/cropped-logo-blanco-300x300.png\" alt=\"\" width=\"160\" height=\"160\" srcset=\"https:\/\/laurbanahairsalon13.es\/wp-content\/uploads\/2022\/04\/cropped-logo-blanco-300x300.png 300w, https:\/\/laurbanahairsalon13.es\/wp-content\/uploads\/2022\/04\/cropped-logo-blanco-150x150.png 150w, https:\/\/laurbanahairsalon13.es\/wp-content\/uploads\/2022\/04\/cropped-logo-blanco-768x768.png 768w, https:\/\/laurbanahairsalon13.es\/wp-content\/uploads\/2022\/04\/cropped-logo-blanco-640x640.png 640w, https:\/\/laurbanahairsalon13.es\/wp-content\/uploads\/2022\/04\/cropped-logo-blanco-600x600.png 600w, https:\/\/laurbanahairsalon13.es\/wp-content\/uploads\/2022\/04\/cropped-logo-blanco-75x75.png 75w, https:\/\/laurbanahairsalon13.es\/wp-content\/uploads\/2022\/04\/cropped-logo-blanco-50x50.png 50w, https:\/\/laurbanahairsalon13.es\/wp-content\/uploads\/2022\/04\/cropped-logo-blanco.png 960w\" sizes=\"(max-width: 160px) 100vw, 160px\" \/><strong><span style=\"font-size: inherit;\">Disfruta una experiencia \u00fanica para los sentidos descubriendo nuestra pasi\u00f3n por la belleza natural.<\/span><\/strong><\/p>\r\n\r\n\r\n\r\n<div>\r\n<p style=\"text-align: left;\">Estamos comprometidos con el\u00a0<strong>medio ambiente , el consumo sostenible utilizando productos Veganos.<\/strong>\u00a0<\/p>\r\n<p>En\u00a0<strong>La Urbana | Hair Salon 13<\/strong>, te ofrecemos una gran variedad de servicios personalizados de\u00a0<strong>corte, color y styling<\/strong>\u00a0que junto a nuestros rituales logran realzar la belleza de cada cabello.<\/p>\r\n<\/div>\r\n<div>\u00a0<\/div>\r\n<div class=\"wp-block-buttons is-content-justification-center\">\r\n<div class=\"wp-block-button\" style=\"text-align: center;\"><a class=\"wp-block-button__link\" href=\"https:\/\/laurbanahairsalon13.es\/index.php\/contacto\/\" target=\"_blank\" rel=\"noreferrer noopener\">contacta con nosotros<\/a><\/div>\r\n<div>\u00a0<\/div>\r\n<div>\r\n<p>&nbsp;<\/p>\r\n<p><img loading=\"lazy\" class=\"wp-image-3881 alignleft\" src=\"https:\/\/laurbanahairsalon13.es\/wp-content\/uploads\/2024\/01\/Foto-12-1-24-10-47-59-17-1-300x249.jpg\" alt=\"\" width=\"262\" height=\"218\" srcset=\"https:\/\/laurbanahairsalon13.es\/wp-content\/uploads\/2024\/01\/Foto-12-1-24-10-47-59-17-1-300x249.jpg 300w, https:\/\/laurbanahairsalon13.es\/wp-content\/uploads\/2024\/01\/Foto-12-1-24-10-47-59-17-1-1024x849.jpg 1024w, https:\/\/laurbanahairsalon13.es\/wp-content\/uploads\/2024\/01\/Foto-12-1-24-10-47-59-17-1-768x636.jpg 768w, https:\/\/laurbanahairsalon13.es\/wp-content\/uploads\/2024\/01\/Foto-12-1-24-10-47-59-17-1.jpg 1290w\" sizes=\"(max-width: 262px) 100vw, 262px\" \/>Situado en el barrio m\u00e1s c\u00e9ntrico de Vigo, Garc\u00eda Barb\u00f3n.<\/p>\r\n\r\n\r\n\r\n<p>Nuestros estilitas te ofrecen lo \u00faltimo en moda para todo tipo de cabellos, preocup\u00e1ndose tambi\u00e9n de la salud de los mismos.<\/p>\r\n\r\n\r\n\r\n<p>Os ayudaremos a encontrar y potenciar vuestra imagen ajust\u00e1ndonos a vuestros gustos y necesidades.<\/p>\r\n<p><img loading=\"lazy\" class=\"size-medium wp-image-3874 alignright\" src=\"https:\/\/laurbanahairsalon13.es\/wp-content\/uploads\/2024\/01\/Foto-10-1-24-22-35-55-225x300.jpg\" alt=\"\" width=\"225\" height=\"300\" srcset=\"https:\/\/laurbanahairsalon13.es\/wp-content\/uploads\/2024\/01\/Foto-10-1-24-22-35-55-225x300.jpg 225w, https:\/\/laurbanahairsalon13.es\/wp-content\/uploads\/2024\/01\/Foto-10-1-24-22-35-55.jpg 564w\" sizes=\"(max-width: 225px) 100vw, 225px\" \/><\/p>\r\n\r\n\r\n\r\n<p>Mediante un servicio relajante y totalmente personalizado, nuestro sal\u00f3n te proporciona una experiencia \u00fanica para los sentidos.<\/p>\r\n\r\n\r\n\r\n\r\n\r\n<figure><\/figure>\r\n\r\n\r\n\r\n<p>&nbsp;<\/p>\r\n\r\n\r\n\r\n<p><strong>La Urbana | hair salon 13<\/strong> nace de la necesidad de marcar la diferencia en nuestro sector en esta ciudad.\u00a0<\/p>\r\n\r\n\r\n\r\n<p><strong>Dar un aire nuevo y fresco.\u00a0<\/strong><\/p>\r\n\r\n\r\n\r\n<p>Hemos querido traer un concepto muy europeo, relacionado con el mundo de la moda. Donde nada m\u00e1s entrar el cliente se sienta a gusto y pueda olvidarse del ajetreo de la vida cotidiana.<\/p>\r\n\r\n\r\n\r\n<p>Para ello hemos trabajado para que identifiqu\u00e9is La Urbana con un olor, con una visi\u00f3n y una sensaci\u00f3n.\u00a0<\/p>\r\n\r\n\r\n\r\n<p>Que el venir a nuestro sal\u00f3n no sea una rutina si no una experiencia.\u00a0<\/p>\r\n\r\n\r\n\r\n<p>Cuidamos los detalles y no dudamos en emplear el tiempo necesario con cada cliente. <img loading=\"lazy\" class=\"size-medium wp-image-3878 alignleft\" src=\"https:\/\/laurbanahairsalon13.es\/wp-content\/uploads\/2024\/01\/Foto-10-1-24-22-36-19-236x300.jpg\" alt=\"\" width=\"236\" height=\"300\" srcset=\"https:\/\/laurbanahairsalon13.es\/wp-content\/uploads\/2024\/01\/Foto-10-1-24-22-36-19-236x300.jpg 236w, https:\/\/laurbanahairsalon13.es\/wp-content\/uploads\/2024\/01\/Foto-10-1-24-22-36-19.jpg 396w\" sizes=\"(max-width: 236px) 100vw, 236px\" \/><\/p>\r\n<p>Nuestro equipo de expertos est\u00e1 formado por especialistas que destacan, sin duda, por su buen hacer y amor a la profesi\u00f3n.\u00a0<\/p>\r\n\r\n\r\n\r\n<p style=\"text-align: center;\"><strong><em>\u00a1D\u00e9jate aconsejar por los expertos!\u00a0<\/em><\/strong><\/p>\r\n<p>&nbsp;<\/p>\r\n<\/div>\r\n<div>\u00a0<\/div>\r\n<div style=\"text-align: center;\">AVEDA naci\u00f3 con el compromiso de ser libre de crueldad animal y siempre se ha opuesto al uso de experimentaci\u00f3n animal<\/div>\r\n<div style=\"text-align: center;\">Con AVEDA luchamos por dar un ejempo de liderazgo ecol\u00f3gico y responsabiliad no solo en el mundo de la belleza si no en todo el mundo.<\/div>\r\n<\/div>\r\n<div><span style=\"font-size: inherit;\">.<\/span><\/div>\r\n<div>\u00a0<\/div>\r\n<div>\u00a0<\/div>\r\n<div>\u00a0<\/div>\r\n<div style=\"text-align: center;\"><a href=\"http:\/\/laurbanahairsalon13.booksy.com\">CITA ONLINE<\/a><\/div>\r\n<div>\u00a0<\/div>\r\n<div>\r\n<div>\r\n<pre>Esta empresa aplica una pol\u00edtica de cancelaci\u00f3n en determinados servicios y se reserva el derecho de cobrar una tasa de cancelaci\u00f3n por no presentarse a la cita o por cancelar tarde. Ten en cuenta que se puede considerar una <br \/>falta de asistencia si llegas tarde a la cita programada, y depende de la empresa decidir si se aplica la tasa.<br \/><br \/>La tasa de cancelaci\u00f3n solo se aplica si infringes los t\u00e9rminos de la pol\u00edtica de cancelaci\u00f3n. Si te presentas a la cita a tiempo o cancelas antes de la fecha l\u00edmite indicada en la p\u00e1gina de confirmaci\u00f3n, no se te cobrar\u00e1 ninguna tasa de cancelaci\u00f3n a tu cuenta. Como la tasa no se aplica a las citas finalizadas con \u00e9xito, deber\u00e1s abonar la totalidad de tu cita una vez completado el servicio.<\/pre>\r\n<\/div>\r\n<div>\u00a0<\/div>\r\n<\/div>","protected":false},"excerpt":{"rendered":"<p>Disfruta una experiencia \u00fanica para los sentidos descubriendo nuestra pasi\u00f3n por la belleza natural. Estamos comprometidos con el\u00a0medio ambiente , el consumo sostenible utilizando productos Veganos.\u00a0 En\u00a0La Urbana | Hair<\/p>\n<p class=\"more-link\"><a href=\"https:\/\/laurbanahairsalon13.es\/\" class=\"readmore\">Seguir leyendo<svg class=\"icon icon-arrow-right\" aria-hidden=\"true\" role=\"img\"> <use href=\"#icon-arrow-right\" xlink:href=\"#icon-arrow-right\"><\/use> <\/svg><span class=\"screen-reader-text\"><\/span><\/a><\/p>\n","protected":false},"author":1,"featured_media":3881,"parent":0,"menu_order":0,"comment_status":"closed","ping_status":"closed","template":"","meta":{"_mi_skip_tracking":false},"yoast_head":"<!-- This site is optimized with the Yoast SEO plugin v18.0 - https:\/\/yoast.com\/wordpress\/plugins\/seo\/ -->\n<title>&#8902;<\/title>\n<meta name=\"description\" content=\"Un Sal\u00f3n de peluquer\u00eda Unisex en Vigo con un espacio innovador, dedicado a la belleza y cuidado del cabello, donde lo m\u00e1s importante es tu imagen.\" \/>\n<meta name=\"robots\" content=\"index, follow, max-snippet:-1, max-image-preview:large, max-video-preview:-1\" \/>\n<link rel=\"canonical\" href=\"https:\/\/laurbanahairsalon13.es\/\" \/>\n<meta property=\"og:locale\" content=\"es_ES\" \/>\n<meta property=\"og:type\" content=\"article\" \/>\n<meta property=\"og:title\" content=\"&#8902;\" \/>\n<meta property=\"og:description\" content=\"Un Sal\u00f3n de peluquer\u00eda Unisex en Vigo con un espacio innovador, dedicado a la belleza y cuidado del cabello, donde lo m\u00e1s importante es tu imagen.\" \/>\n<meta property=\"og:url\" content=\"https:\/\/laurbanahairsalon13.es\/\" \/>\n<meta property=\"article:publisher\" content=\"https:\/\/www.facebook.com\/LaUrbana.hairsalon13\/\" \/>\n<meta property=\"article:modified_time\" content=\"2024-04-24T08:41:27+00:00\" \/>\n<meta property=\"og:image\" content=\"https:\/\/laurbanahairsalon13.es\/wp-content\/uploads\/2024\/01\/Foto-12-1-24-10-47-59-17-1.jpg\" \/>\n\t<meta property=\"og:image:width\" content=\"1290\" \/>\n\t<meta property=\"og:image:height\" content=\"1069\" \/>\n\t<meta property=\"og:image:type\" content=\"image\/jpeg\" \/>\n<meta name=\"twitter:card\" content=\"summary_large_image\" \/>\n<meta name=\"twitter:site\" content=\"@Laurbanahair\" \/>\n<meta name=\"twitter:label1\" content=\"Tiempo de lectura\" \/>\n\t<meta name=\"twitter:data1\" content=\"3 minutos\" \/>\n<script type=\"application\/ld+json\" class=\"yoast-schema-graph\">{\"@context\":\"https:\/\/schema.org\",\"@graph\":[{\"@type\":\"Organization\",\"@id\":\"https:\/\/laurbanahairsalon13.es\/#organization\",\"name\":\"La Urbana Hair Salon 13\",\"url\":\"https:\/\/laurbanahairsalon13.es\/\",\"sameAs\":[\"https:\/\/www.facebook.com\/LaUrbana.hairsalon13\/\",\"https:\/\/www.instagram.com\/laurbana.hairsalon13\/?hl=es\",\"https:\/\/twitter.com\/Laurbanahair\"],\"logo\":{\"@type\":\"ImageObject\",\"@id\":\"https:\/\/laurbanahairsalon13.es\/#logo\",\"inLanguage\":\"es\",\"url\":\"https:\/\/laurbanahairsalon13.es\/wp-content\/uploads\/2020\/03\/logo-1.jpg\",\"contentUrl\":\"https:\/\/laurbanahairsalon13.es\/wp-content\/uploads\/2020\/03\/logo-1.jpg\",\"width\":446,\"height\":196,\"caption\":\"La Urbana Hair Salon 13\"},\"image\":{\"@id\":\"https:\/\/laurbanahairsalon13.es\/#logo\"}},{\"@type\":\"WebSite\",\"@id\":\"https:\/\/laurbanahairsalon13.es\/#website\",\"url\":\"https:\/\/laurbanahairsalon13.es\/\",\"name\":\"La Urbana Hair Salon 13 - Salon de Peluquer\u00eda Unisex Vigo\",\"description\":\"CITA PREVIA\",\"publisher\":{\"@id\":\"https:\/\/laurbanahairsalon13.es\/#organization\"},\"potentialAction\":[{\"@type\":\"SearchAction\",\"target\":{\"@type\":\"EntryPoint\",\"urlTemplate\":\"https:\/\/laurbanahairsalon13.es\/?s={search_term_string}\"},\"query-input\":\"required name=search_term_string\"}],\"inLanguage\":\"es\"},{\"@type\":\"ImageObject\",\"@id\":\"https:\/\/laurbanahairsalon13.es\/#primaryimage\",\"inLanguage\":\"es\",\"url\":\"https:\/\/laurbanahairsalon13.es\/wp-content\/uploads\/2024\/01\/Foto-12-1-24-10-47-59-17-1.jpg\",\"contentUrl\":\"https:\/\/laurbanahairsalon13.es\/wp-content\/uploads\/2024\/01\/Foto-12-1-24-10-47-59-17-1.jpg\",\"width\":1290,\"height\":1069},{\"@type\":\"WebPage\",\"@id\":\"https:\/\/laurbanahairsalon13.es\/#webpage\",\"url\":\"https:\/\/laurbanahairsalon13.es\/\",\"name\":\"&#8902;\",\"isPartOf\":{\"@id\":\"https:\/\/laurbanahairsalon13.es\/#website\"},\"primaryImageOfPage\":{\"@id\":\"https:\/\/laurbanahairsalon13.es\/#primaryimage\"},\"datePublished\":\"2019-12-15T17:55:25+00:00\",\"dateModified\":\"2024-04-24T08:41:27+00:00\",\"description\":\"Un Sal\u00f3n de peluquer\u00eda Unisex en Vigo con un espacio innovador, dedicado a la belleza y cuidado del cabello, donde lo m\u00e1s importante es tu imagen.\",\"breadcrumb\":{\"@id\":\"https:\/\/laurbanahairsalon13.es\/#breadcrumb\"},\"inLanguage\":\"es\",\"potentialAction\":[{\"@type\":\"ReadAction\",\"target\":[\"https:\/\/laurbanahairsalon13.es\/\"]}]},{\"@type\":\"BreadcrumbList\",\"@id\":\"https:\/\/laurbanahairsalon13.es\/#breadcrumb\",\"itemListElement\":[{\"@type\":\"ListItem\",\"position\":1,\"name\":\"Portada\",\"item\":\"https:\/\/laurbanahairsalon13.es\/\"},{\"@type\":\"ListItem\",\"position\":2,\"name\":\"\"}]}]}<\/script>\n<!-- \/ Yoast SEO plugin. -->","yoast_head_json":{"title":"&#8902;","description":"Un Sal\u00f3n de peluquer\u00eda Unisex en Vigo con un espacio innovador, dedicado a la belleza y cuidado del cabello, donde lo m\u00e1s importante es tu imagen.","robots":{"index":"index","follow":"follow","max-snippet":"max-snippet:-1","max-image-preview":"max-image-preview:large","max-video-preview":"max-video-preview:-1"},"canonical":"https:\/\/laurbanahairsalon13.es\/","og_locale":"es_ES","og_type":"article","og_title":"&#8902;","og_description":"Un Sal\u00f3n de peluquer\u00eda Unisex en Vigo con un espacio innovador, dedicado a la belleza y cuidado del cabello, donde lo m\u00e1s importante es tu imagen.","og_url":"https:\/\/laurbanahairsalon13.es\/","article_publisher":"https:\/\/www.facebook.com\/LaUrbana.hairsalon13\/","article_modified_time":"2024-04-24T08:41:27+00:00","og_image":[{"width":1290,"height":1069,"url":"https:\/\/laurbanahairsalon13.es\/wp-content\/uploads\/2024\/01\/Foto-12-1-24-10-47-59-17-1.jpg","type":"image\/jpeg"}],"twitter_card":"summary_large_image","twitter_site":"@Laurbanahair","twitter_misc":{"Tiempo de lectura":"3 minutos"},"schema":{"@context":"https:\/\/schema.org","@graph":[{"@type":"Organization","@id":"https:\/\/laurbanahairsalon13.es\/#organization","name":"La Urbana Hair Salon 13","url":"https:\/\/laurbanahairsalon13.es\/","sameAs":["https:\/\/www.facebook.com\/LaUrbana.hairsalon13\/","https:\/\/www.instagram.com\/laurbana.hairsalon13\/?hl=es","https:\/\/twitter.com\/Laurbanahair"],"logo":{"@type":"ImageObject","@id":"https:\/\/laurbanahairsalon13.es\/#logo","inLanguage":"es","url":"https:\/\/laurbanahairsalon13.es\/wp-content\/uploads\/2020\/03\/logo-1.jpg","contentUrl":"https:\/\/laurbanahairsalon13.es\/wp-content\/uploads\/2020\/03\/logo-1.jpg","width":446,"height":196,"caption":"La Urbana Hair Salon 13"},"image":{"@id":"https:\/\/laurbanahairsalon13.es\/#logo"}},{"@type":"WebSite","@id":"https:\/\/laurbanahairsalon13.es\/#website","url":"https:\/\/laurbanahairsalon13.es\/","name":"La Urbana Hair Salon 13 - Salon de Peluquer\u00eda Unisex Vigo","description":"CITA PREVIA","publisher":{"@id":"https:\/\/laurbanahairsalon13.es\/#organization"},"potentialAction":[{"@type":"SearchAction","target":{"@type":"EntryPoint","urlTemplate":"https:\/\/laurbanahairsalon13.es\/?s={search_term_string}"},"query-input":"required name=search_term_string"}],"inLanguage":"es"},{"@type":"ImageObject","@id":"https:\/\/laurbanahairsalon13.es\/#primaryimage","inLanguage":"es","url":"https:\/\/laurbanahairsalon13.es\/wp-content\/uploads\/2024\/01\/Foto-12-1-24-10-47-59-17-1.jpg","contentUrl":"https:\/\/laurbanahairsalon13.es\/wp-content\/uploads\/2024\/01\/Foto-12-1-24-10-47-59-17-1.jpg","width":1290,"height":1069},{"@type":"WebPage","@id":"https:\/\/laurbanahairsalon13.es\/#webpage","url":"https:\/\/laurbanahairsalon13.es\/","name":"&#8902;","isPartOf":{"@id":"https:\/\/laurbanahairsalon13.es\/#website"},"primaryImageOfPage":{"@id":"https:\/\/laurbanahairsalon13.es\/#primaryimage"},"datePublished":"2019-12-15T17:55:25+00:00","dateModified":"2024-04-24T08:41:27+00:00","description":"Un Sal\u00f3n de peluquer\u00eda Unisex en Vigo con un espacio innovador, dedicado a la belleza y cuidado del cabello, donde lo m\u00e1s importante es tu imagen.","breadcrumb":{"@id":"https:\/\/laurbanahairsalon13.es\/#breadcrumb"},"inLanguage":"es","potentialAction":[{"@type":"ReadAction","target":["https:\/\/laurbanahairsalon13.es\/"]}]},{"@type":"BreadcrumbList","@id":"https:\/\/laurbanahairsalon13.es\/#breadcrumb","itemListElement":[{"@type":"ListItem","position":1,"name":"Portada","item":"https:\/\/laurbanahairsalon13.es\/"},{"@type":"ListItem","position":2,"name":""}]}]}},"_links":{"self":[{"href":"https:\/\/laurbanahairsalon13.es\/index.php\/wp-json\/wp\/v2\/pages\/167"}],"collection":[{"href":"https:\/\/laurbanahairsalon13.es\/index.php\/wp-json\/wp\/v2\/pages"}],"about":[{"href":"https:\/\/laurbanahairsalon13.es\/index.php\/wp-json\/wp\/v2\/types\/page"}],"author":[{"embeddable":true,"href":"https:\/\/laurbanahairsalon13.es\/index.php\/wp-json\/wp\/v2\/users\/1"}],"replies":[{"embeddable":true,"href":"https:\/\/laurbanahairsalon13.es\/index.php\/wp-json\/wp\/v2\/comments?post=167"}],"version-history":[{"count":370,"href":"https:\/\/laurbanahairsalon13.es\/index.php\/wp-json\/wp\/v2\/pages\/167\/revisions"}],"predecessor-version":[{"id":3973,"href":"https:\/\/laurbanahairsalon13.es\/index.php\/wp-json\/wp\/v2\/pages\/167\/revisions\/3973"}],"wp:featuredmedia":[{"embeddable":true,"href":"https:\/\/laurbanahairsalon13.es\/index.php\/wp-json\/wp\/v2\/media\/3881"}],"wp:attachment":[{"href":"https:\/\/laurbanahairsalon13.es\/index.php\/wp-json\/wp\/v2\/media?parent=167"}],"curies":[{"name":"wp","href":"https:\/\/api.w.org\/{rel}","templated":true}]}}