{"id":2389,"date":"2020-10-24T16:53:53","date_gmt":"2020-10-24T15:53:53","guid":{"rendered":"https:\/\/laurbanahairsalon13.es\/?page_id=2389"},"modified":"2021-04-28T13:15:46","modified_gmt":"2021-04-28T12:15:46","slug":"colaboraciones","status":"publish","type":"page","link":"https:\/\/laurbanahairsalon13.es\/index.php\/colaboraciones\/","title":{"rendered":"COLABORACIONES"},"content":{"rendered":"\n<p class=\"has-text-align-center\">Somos m\u00e1s que un sal\u00f3n de belleza. <\/p>\n\n\n\n<p class=\"has-text-align-center\">Por eso desde aqu\u00ed os informaremos de peque\u00f1as colaboraciones que haremos. <\/p>\n\n\n\n<p>Pondremos a disposici\u00f3n de artistas nuestro espacio,  donde podr\u00e1n exponer sus obras y compartir su arte con nuestros clientes y todo aquel que quiera disfrutar tanto del espacio como de las obras all\u00ed expuestas incluso comprarlas. <\/p>\n\n\n\n<figure class=\"wp-block-image size-large is-style-default\"><img src=\"https:\/\/laurbanahairsalon13.es\/wp-content\/uploads\/2021\/04\/carlota-1024x330.jpg\" alt=\"\" class=\"wp-image-3008\"\/><figcaption>Desde hace una semanita tenemos la suerte de colaborar con ella. una futura promesa en el mundo influencer. <\/figcaption><\/figure>\n\n\n\n<p>Su Vlog es un espacio d\u00f3nde encontrareis un mix de v\u00eddeos, desde maquillaje, rutinas, outfits, Vlogs&#8230;hasta lo m\u00e1s importante y divertido&#8230;un poquito m\u00e1s de su locura!!!! Espera poder ocupar a partir de ahora un poquito de vuestro tiempo cada semana y que la acompa\u00f1emos en esta aventura!!! <\/p>\n\n\n\n<p>V\u00eddeos todos los Domingos! YA SABEISSS, TENEMOS UNA CITA TODAS LAS SEMANAS! NO OLVIDEIS SUSCRIBIROS! ALLI OS ESPERA! <\/p>\n\n\n\n<p>Para celebrarlo nos trae un mega sorteo de 100e (en servicios) en nuestro sal\u00f3n.<\/p>\n\n\n\n<figure class=\"wp-block-video aligncenter\"><video autoplay controls preload=\"auto\" src=\"https:\/\/laurbanahairsalon13.es\/wp-content\/uploads\/2021\/04\/sorteo-carlota-1.mov\"><\/video><\/figure>\n\n\n\n<p>Aqui os dejamos un poquito mas de ella.<\/p>\n\n\n\n<figure class=\"wp-block-gallery columns-3 is-cropped\"><ul class=\"blocks-gallery-grid\"><li class=\"blocks-gallery-item\"><figure><img src=\"https:\/\/laurbanahairsalon13.es\/wp-content\/uploads\/2021\/04\/c2-829x1024.jpg\" alt=\"\" data-id=\"3015\" data-full-url=\"https:\/\/laurbanahairsalon13.es\/wp-content\/uploads\/2021\/04\/c2.jpg\" data-link=\"https:\/\/laurbanahairsalon13.es\/index.php\/colaboraciones\/c2\/\" class=\"wp-image-3015\"\/><\/figure><\/li><li class=\"blocks-gallery-item\"><figure><img src=\"https:\/\/laurbanahairsalon13.es\/wp-content\/uploads\/2021\/04\/c7-836x1024.jpg\" alt=\"\" data-id=\"3020\" data-full-url=\"https:\/\/laurbanahairsalon13.es\/wp-content\/uploads\/2021\/04\/c7.jpg\" data-link=\"https:\/\/laurbanahairsalon13.es\/index.php\/colaboraciones\/c7\/\" class=\"wp-image-3020\"\/><\/figure><\/li><li class=\"blocks-gallery-item\"><figure><img src=\"https:\/\/laurbanahairsalon13.es\/wp-content\/uploads\/2021\/04\/c3-832x1024.jpg\" alt=\"\" data-id=\"3016\" data-full-url=\"https:\/\/laurbanahairsalon13.es\/wp-content\/uploads\/2021\/04\/c3.jpg\" data-link=\"https:\/\/laurbanahairsalon13.es\/index.php\/colaboraciones\/c3\/\" class=\"wp-image-3016\"\/><\/figure><\/li><li class=\"blocks-gallery-item\"><figure><img src=\"https:\/\/laurbanahairsalon13.es\/wp-content\/uploads\/2021\/04\/c5-828x1024.jpg\" alt=\"\" data-id=\"3018\" data-full-url=\"https:\/\/laurbanahairsalon13.es\/wp-content\/uploads\/2021\/04\/c5.jpg\" data-link=\"https:\/\/laurbanahairsalon13.es\/index.php\/colaboraciones\/c5\/\" class=\"wp-image-3018\"\/><\/figure><\/li><li class=\"blocks-gallery-item\"><figure><img src=\"https:\/\/laurbanahairsalon13.es\/wp-content\/uploads\/2021\/04\/c4-839x1024.jpg\" alt=\"\" data-id=\"3017\" data-full-url=\"https:\/\/laurbanahairsalon13.es\/wp-content\/uploads\/2021\/04\/c4.jpg\" data-link=\"https:\/\/laurbanahairsalon13.es\/index.php\/colaboraciones\/c4\/\" class=\"wp-image-3017\"\/><\/figure><\/li><li class=\"blocks-gallery-item\"><figure><img src=\"https:\/\/laurbanahairsalon13.es\/wp-content\/uploads\/2021\/04\/c6-827x1024.jpg\" alt=\"\" data-id=\"3019\" data-full-url=\"https:\/\/laurbanahairsalon13.es\/wp-content\/uploads\/2021\/04\/c6.jpg\" data-link=\"https:\/\/laurbanahairsalon13.es\/index.php\/colaboraciones\/c6\/\" class=\"wp-image-3019\"\/><\/figure><\/li><li class=\"blocks-gallery-item\"><figure><img src=\"https:\/\/laurbanahairsalon13.es\/wp-content\/uploads\/2021\/04\/c1-908x1024.jpg\" alt=\"\" data-id=\"3014\" data-full-url=\"https:\/\/laurbanahairsalon13.es\/wp-content\/uploads\/2021\/04\/c1.jpg\" data-link=\"https:\/\/laurbanahairsalon13.es\/index.php\/colaboraciones\/c1\/\" class=\"wp-image-3014\"\/><\/figure><\/li><\/ul><\/figure>\n\n\n\n<p>Hoy os traemos Nai dise\u00f1os.<\/p>\n\n\n\n<div class=\"wp-block-image is-style-default\"><figure class=\"aligncenter size-large\"><img loading=\"lazy\" width=\"480\" height=\"124\" src=\"https:\/\/laurbanahairsalon13.es\/wp-content\/uploads\/2020\/10\/nai.png\" alt=\"\" class=\"wp-image-2397\" srcset=\"https:\/\/laurbanahairsalon13.es\/wp-content\/uploads\/2020\/10\/nai.png 480w, https:\/\/laurbanahairsalon13.es\/wp-content\/uploads\/2020\/10\/nai-300x78.png 300w\" sizes=\"(max-width: 480px) 100vw, 480px\" \/><\/figure><\/div>\n\n\n\n<p><strong>Nai Dise\u00f1os<\/strong> defiende una filosof\u00eda de dise\u00f1o \u00e9tica y responsable, apoyando la producci\u00f3n y el consumo local, reduciendo al m\u00e1ximo el uso de pl\u00e1sticos, utilizando materiales reciclados y haciendo un packaging&nbsp; con mimo. El proceso de producci\u00f3n desacelerado es 100% manual apostando por stocks reducidos. Defiende el valor de lo artesano, el valor que tiene una pieza hecha a mano, algo real, hecho por personas reales, \u00fanico, irrepetible, de calidad, bien hecho, de forma paciente y a conciencia.<\/p>\n\n\n\n<p><strong>Dise\u00f1o gallego<\/strong>, tejido a mano por m\u00ed en mi estudio, en Galicia, llenos de car\u00e1cter y personalidad. \u00a1Piezas \u00fanicas!<\/p>\n\n\n\n<p>Recuperando t\u00e9cnicas tradicionales, como el macram\u00e9, utilizando materiales 100% naturales, como algod\u00f3n adem\u00e1s de materiales reciclados, con un packaging sostenible y una producci\u00f3n moderada con peque\u00f1os stocks busco crear y transmitir un mensaje, a trav\u00e9s de un dise\u00f1o responsable, sobre conciencia ecol\u00f3gica y respetuosa con el medio ambiente. Pienso que las formas de dise\u00f1o y consumo deben cambiar y esta es mi aportaci\u00f3n.<\/p>\n\n\n\n<div class=\"wp-block-jetpack-tiled-gallery aligncenter is-style-rectangular\"><div class=\"tiled-gallery__gallery\"><div class=\"tiled-gallery__row\"><div class=\"tiled-gallery__col\" style=\"flex-basis:66.73215455140799%\"><figure class=\"tiled-gallery__item\"><img alt=\"\" data-height=\"800\" data-id=\"2399\" data-link=\"https:\/\/laurbanahairsalon13.es\/index.php\/colaboraciones\/nai1\/\" data-url=\"https:\/\/laurbanahairsalon13.es\/wp-content\/uploads\/2020\/10\/nai1.jpg\" data-width=\"800\" src=\"https:\/\/i2.wp.com\/laurbanahairsalon13.es\/wp-content\/uploads\/2020\/10\/nai1.jpg?ssl=1\" layout=\"responsive\"><\/figure><\/div><div class=\"tiled-gallery__col\" style=\"flex-basis:33.26784544859201%\"><figure class=\"tiled-gallery__item\"><img alt=\"\" data-height=\"800\" data-id=\"2400\" data-link=\"https:\/\/laurbanahairsalon13.es\/index.php\/colaboraciones\/nai2\/\" data-url=\"https:\/\/laurbanahairsalon13.es\/wp-content\/uploads\/2020\/10\/nai2.jpg\" data-width=\"800\" src=\"https:\/\/i2.wp.com\/laurbanahairsalon13.es\/wp-content\/uploads\/2020\/10\/nai2.jpg?ssl=1\" layout=\"responsive\"><\/figure><figure class=\"tiled-gallery__item\"><img alt=\"\" data-height=\"800\" data-id=\"2401\" data-link=\"https:\/\/laurbanahairsalon13.es\/index.php\/colaboraciones\/nai3\/\" data-url=\"https:\/\/laurbanahairsalon13.es\/wp-content\/uploads\/2020\/10\/nai3.jpg\" data-width=\"800\" src=\"https:\/\/i0.wp.com\/laurbanahairsalon13.es\/wp-content\/uploads\/2020\/10\/nai3.jpg?ssl=1\" layout=\"responsive\"><\/figure><\/div><\/div><\/div><\/div>\n\n\n\n<p class=\"has-text-align-center\">Aqu\u00ed os mostramos estas piezas \u00fanicas que <strong>Nai dise\u00f1os<\/strong> ha creado para nuestro sal\u00f3n. <\/p>\n\n\n\n<p class=\"has-text-align-center\">\u00a1Esperamos que os gusten tanto como a nosotros!<\/p>\n\n\n\n<div class=\"wp-block-jetpack-tiled-gallery aligncenter is-style-rectangular\"><div class=\"tiled-gallery__gallery\"><div class=\"tiled-gallery__row\"><div class=\"tiled-gallery__col\" style=\"flex-basis:57.62296179923816%\"><figure class=\"tiled-gallery__item\"><img alt=\"\" data-height=\"1104\" data-id=\"2414\" data-link=\"https:\/\/laurbanahairsalon13.es\/index.php\/colaboraciones\/nai1-3\/\" data-url=\"https:\/\/laurbanahairsalon13.es\/wp-content\/uploads\/2020\/10\/NAI1-3.jpg\" data-width=\"1125\" src=\"https:\/\/i1.wp.com\/laurbanahairsalon13.es\/wp-content\/uploads\/2020\/10\/NAI1-3.jpg?ssl=1\" layout=\"responsive\"><\/figure><\/div><div class=\"tiled-gallery__col\" style=\"flex-basis:42.37703820076184%\"><figure class=\"tiled-gallery__item\"><img alt=\"\" data-height=\"1502\" data-id=\"2415\" data-link=\"https:\/\/laurbanahairsalon13.es\/index.php\/colaboraciones\/nai2-3\/\" data-url=\"https:\/\/laurbanahairsalon13.es\/wp-content\/uploads\/2020\/10\/NAI2-3.jpg\" data-width=\"1125\" src=\"https:\/\/i2.wp.com\/laurbanahairsalon13.es\/wp-content\/uploads\/2020\/10\/NAI2-3.jpg?ssl=1\" layout=\"responsive\"><\/figure><\/div><\/div><div class=\"tiled-gallery__row\"><div class=\"tiled-gallery__col\" style=\"flex-basis:29.528944625768037%\"><figure class=\"tiled-gallery__item\"><img alt=\"\" data-height=\"2560\" data-id=\"2418\" data-link=\"https:\/\/laurbanahairsalon13.es\/index.php\/colaboraciones\/nai4\/\" data-url=\"https:\/\/laurbanahairsalon13.es\/wp-content\/uploads\/2020\/10\/NAI4-scaled.jpg\" data-width=\"1920\" src=\"https:\/\/i1.wp.com\/laurbanahairsalon13.es\/wp-content\/uploads\/2020\/10\/NAI4-scaled.jpg?ssl=1\" layout=\"responsive\"><\/figure><\/div><div class=\"tiled-gallery__col\" style=\"flex-basis:40.94211074846391%\"><figure class=\"tiled-gallery__item\"><img alt=\"\" data-height=\"1081\" data-id=\"2416\" data-link=\"https:\/\/laurbanahairsalon13.es\/index.php\/colaboraciones\/nai3-3\/\" data-url=\"https:\/\/laurbanahairsalon13.es\/wp-content\/uploads\/2020\/10\/NAI3-3.jpg\" data-width=\"1125\" src=\"https:\/\/i1.wp.com\/laurbanahairsalon13.es\/wp-content\/uploads\/2020\/10\/NAI3-3.jpg?ssl=1\" layout=\"responsive\"><\/figure><\/div><div class=\"tiled-gallery__col\" style=\"flex-basis:29.528944625768037%\"><figure class=\"tiled-gallery__item\"><img alt=\"\" data-height=\"2560\" data-id=\"2419\" data-link=\"https:\/\/laurbanahairsalon13.es\/index.php\/colaboraciones\/nai5\/\" data-url=\"https:\/\/laurbanahairsalon13.es\/wp-content\/uploads\/2020\/10\/NAI5-scaled.jpg\" data-width=\"1920\" src=\"https:\/\/i1.wp.com\/laurbanahairsalon13.es\/wp-content\/uploads\/2020\/10\/NAI5-scaled.jpg?ssl=1\" layout=\"responsive\"><\/figure><\/div><\/div><\/div><\/div>\n\n\n\n<p><\/p>\n\n\n\n<p><\/p>\n\n\n\n<p><\/p>\n\n\n\n<p><\/p>\n","protected":false},"excerpt":{"rendered":"<p>Somos m\u00e1s que un sal\u00f3n de belleza. Por eso desde aqu\u00ed os informaremos de peque\u00f1as colaboraciones que haremos. Pondremos a disposici\u00f3n de artistas nuestro espacio, donde podr\u00e1n exponer sus obras<\/p>\n<p class=\"more-link\"><a href=\"https:\/\/laurbanahairsalon13.es\/index.php\/colaboraciones\/\" class=\"readmore\">Seguir leyendo<svg class=\"icon icon-arrow-right\" aria-hidden=\"true\" role=\"img\"> <use href=\"#icon-arrow-right\" xlink:href=\"#icon-arrow-right\"><\/use> <\/svg><span class=\"screen-reader-text\">COLABORACIONES<\/span><\/a><\/p>\n","protected":false},"author":1,"featured_media":0,"parent":0,"menu_order":0,"comment_status":"closed","ping_status":"closed","template":"","meta":{"_mi_skip_tracking":false},"yoast_head":"<!-- This site is optimized with the Yoast SEO plugin v18.0 - https:\/\/yoast.com\/wordpress\/plugins\/seo\/ -->\n<title>COLABORACIONES &#8902;<\/title>\n<meta name=\"robots\" content=\"index, follow, max-snippet:-1, max-image-preview:large, max-video-preview:-1\" \/>\n<link rel=\"canonical\" href=\"https:\/\/laurbanahairsalon13.es\/index.php\/colaboraciones\/\" \/>\n<meta property=\"og:locale\" content=\"es_ES\" \/>\n<meta property=\"og:type\" content=\"article\" \/>\n<meta property=\"og:title\" content=\"COLABORACIONES &#8902;\" \/>\n<meta property=\"og:description\" content=\"Somos m\u00e1s que un sal\u00f3n de belleza. Por eso desde aqu\u00ed os informaremos de peque\u00f1as colaboraciones que haremos. Pondremos a disposici\u00f3n de artistas nuestro espacio, donde podr\u00e1n exponer sus obrasSeguir leyendo COLABORACIONES\" \/>\n<meta property=\"og:url\" content=\"https:\/\/laurbanahairsalon13.es\/index.php\/colaboraciones\/\" \/>\n<meta property=\"article:publisher\" content=\"https:\/\/www.facebook.com\/LaUrbana.hairsalon13\/\" \/>\n<meta property=\"article:modified_time\" content=\"2021-04-28T12:15:46+00:00\" \/>\n<meta property=\"og:image\" content=\"https:\/\/laurbanahairsalon13.es\/wp-content\/uploads\/2021\/04\/carlota-1024x330.jpg\" \/>\n<meta name=\"twitter:card\" content=\"summary_large_image\" \/>\n<meta name=\"twitter:site\" content=\"@Laurbanahair\" \/>\n<meta name=\"twitter:label1\" content=\"Tiempo de lectura\" \/>\n\t<meta name=\"twitter:data1\" content=\"5 minutos\" \/>\n<script type=\"application\/ld+json\" class=\"yoast-schema-graph\">{\"@context\":\"https:\/\/schema.org\",\"@graph\":[{\"@type\":\"Organization\",\"@id\":\"https:\/\/laurbanahairsalon13.es\/#organization\",\"name\":\"La Urbana Hair Salon 13\",\"url\":\"https:\/\/laurbanahairsalon13.es\/\",\"sameAs\":[\"https:\/\/www.facebook.com\/LaUrbana.hairsalon13\/\",\"https:\/\/www.instagram.com\/laurbana.hairsalon13\/?hl=es\",\"https:\/\/twitter.com\/Laurbanahair\"],\"logo\":{\"@type\":\"ImageObject\",\"@id\":\"https:\/\/laurbanahairsalon13.es\/#logo\",\"inLanguage\":\"es\",\"url\":\"https:\/\/laurbanahairsalon13.es\/wp-content\/uploads\/2020\/03\/logo-1.jpg\",\"contentUrl\":\"https:\/\/laurbanahairsalon13.es\/wp-content\/uploads\/2020\/03\/logo-1.jpg\",\"width\":446,\"height\":196,\"caption\":\"La Urbana Hair Salon 13\"},\"image\":{\"@id\":\"https:\/\/laurbanahairsalon13.es\/#logo\"}},{\"@type\":\"WebSite\",\"@id\":\"https:\/\/laurbanahairsalon13.es\/#website\",\"url\":\"https:\/\/laurbanahairsalon13.es\/\",\"name\":\"La Urbana Hair Salon 13 - Salon de Peluquer\u00eda Unisex Vigo\",\"description\":\"CITA PREVIA\",\"publisher\":{\"@id\":\"https:\/\/laurbanahairsalon13.es\/#organization\"},\"potentialAction\":[{\"@type\":\"SearchAction\",\"target\":{\"@type\":\"EntryPoint\",\"urlTemplate\":\"https:\/\/laurbanahairsalon13.es\/?s={search_term_string}\"},\"query-input\":\"required name=search_term_string\"}],\"inLanguage\":\"es\"},{\"@type\":\"ImageObject\",\"@id\":\"https:\/\/laurbanahairsalon13.es\/index.php\/colaboraciones\/#primaryimage\",\"inLanguage\":\"es\",\"url\":\"https:\/\/laurbanahairsalon13.es\/wp-content\/uploads\/2021\/04\/carlota-1024x330.jpg\",\"contentUrl\":\"https:\/\/laurbanahairsalon13.es\/wp-content\/uploads\/2021\/04\/carlota-1024x330.jpg\"},{\"@type\":\"WebPage\",\"@id\":\"https:\/\/laurbanahairsalon13.es\/index.php\/colaboraciones\/#webpage\",\"url\":\"https:\/\/laurbanahairsalon13.es\/index.php\/colaboraciones\/\",\"name\":\"COLABORACIONES &#8902;\",\"isPartOf\":{\"@id\":\"https:\/\/laurbanahairsalon13.es\/#website\"},\"primaryImageOfPage\":{\"@id\":\"https:\/\/laurbanahairsalon13.es\/index.php\/colaboraciones\/#primaryimage\"},\"datePublished\":\"2020-10-24T15:53:53+00:00\",\"dateModified\":\"2021-04-28T12:15:46+00:00\",\"breadcrumb\":{\"@id\":\"https:\/\/laurbanahairsalon13.es\/index.php\/colaboraciones\/#breadcrumb\"},\"inLanguage\":\"es\",\"potentialAction\":[{\"@type\":\"ReadAction\",\"target\":[\"https:\/\/laurbanahairsalon13.es\/index.php\/colaboraciones\/\"]}]},{\"@type\":\"BreadcrumbList\",\"@id\":\"https:\/\/laurbanahairsalon13.es\/index.php\/colaboraciones\/#breadcrumb\",\"itemListElement\":[{\"@type\":\"ListItem\",\"position\":1,\"name\":\"Portada\",\"item\":\"https:\/\/laurbanahairsalon13.es\/\"},{\"@type\":\"ListItem\",\"position\":2,\"name\":\"COLABORACIONES\"}]}]}<\/script>\n<!-- \/ Yoast SEO plugin. -->","yoast_head_json":{"title":"COLABORACIONES &#8902;","robots":{"index":"index","follow":"follow","max-snippet":"max-snippet:-1","max-image-preview":"max-image-preview:large","max-video-preview":"max-video-preview:-1"},"canonical":"https:\/\/laurbanahairsalon13.es\/index.php\/colaboraciones\/","og_locale":"es_ES","og_type":"article","og_title":"COLABORACIONES &#8902;","og_description":"Somos m\u00e1s que un sal\u00f3n de belleza. Por eso desde aqu\u00ed os informaremos de peque\u00f1as colaboraciones que haremos. Pondremos a disposici\u00f3n de artistas nuestro espacio, donde podr\u00e1n exponer sus obrasSeguir leyendo COLABORACIONES","og_url":"https:\/\/laurbanahairsalon13.es\/index.php\/colaboraciones\/","article_publisher":"https:\/\/www.facebook.com\/LaUrbana.hairsalon13\/","article_modified_time":"2021-04-28T12:15:46+00:00","og_image":[{"url":"https:\/\/laurbanahairsalon13.es\/wp-content\/uploads\/2021\/04\/carlota-1024x330.jpg"}],"twitter_card":"summary_large_image","twitter_site":"@Laurbanahair","twitter_misc":{"Tiempo de lectura":"5 minutos"},"schema":{"@context":"https:\/\/schema.org","@graph":[{"@type":"Organization","@id":"https:\/\/laurbanahairsalon13.es\/#organization","name":"La Urbana Hair Salon 13","url":"https:\/\/laurbanahairsalon13.es\/","sameAs":["https:\/\/www.facebook.com\/LaUrbana.hairsalon13\/","https:\/\/www.instagram.com\/laurbana.hairsalon13\/?hl=es","https:\/\/twitter.com\/Laurbanahair"],"logo":{"@type":"ImageObject","@id":"https:\/\/laurbanahairsalon13.es\/#logo","inLanguage":"es","url":"https:\/\/laurbanahairsalon13.es\/wp-content\/uploads\/2020\/03\/logo-1.jpg","contentUrl":"https:\/\/laurbanahairsalon13.es\/wp-content\/uploads\/2020\/03\/logo-1.jpg","width":446,"height":196,"caption":"La Urbana Hair Salon 13"},"image":{"@id":"https:\/\/laurbanahairsalon13.es\/#logo"}},{"@type":"WebSite","@id":"https:\/\/laurbanahairsalon13.es\/#website","url":"https:\/\/laurbanahairsalon13.es\/","name":"La Urbana Hair Salon 13 - Salon de Peluquer\u00eda Unisex Vigo","description":"CITA PREVIA","publisher":{"@id":"https:\/\/laurbanahairsalon13.es\/#organization"},"potentialAction":[{"@type":"SearchAction","target":{"@type":"EntryPoint","urlTemplate":"https:\/\/laurbanahairsalon13.es\/?s={search_term_string}"},"query-input":"required name=search_term_string"}],"inLanguage":"es"},{"@type":"ImageObject","@id":"https:\/\/laurbanahairsalon13.es\/index.php\/colaboraciones\/#primaryimage","inLanguage":"es","url":"https:\/\/laurbanahairsalon13.es\/wp-content\/uploads\/2021\/04\/carlota-1024x330.jpg","contentUrl":"https:\/\/laurbanahairsalon13.es\/wp-content\/uploads\/2021\/04\/carlota-1024x330.jpg"},{"@type":"WebPage","@id":"https:\/\/laurbanahairsalon13.es\/index.php\/colaboraciones\/#webpage","url":"https:\/\/laurbanahairsalon13.es\/index.php\/colaboraciones\/","name":"COLABORACIONES &#8902;","isPartOf":{"@id":"https:\/\/laurbanahairsalon13.es\/#website"},"primaryImageOfPage":{"@id":"https:\/\/laurbanahairsalon13.es\/index.php\/colaboraciones\/#primaryimage"},"datePublished":"2020-10-24T15:53:53+00:00","dateModified":"2021-04-28T12:15:46+00:00","breadcrumb":{"@id":"https:\/\/laurbanahairsalon13.es\/index.php\/colaboraciones\/#breadcrumb"},"inLanguage":"es","potentialAction":[{"@type":"ReadAction","target":["https:\/\/laurbanahairsalon13.es\/index.php\/colaboraciones\/"]}]},{"@type":"BreadcrumbList","@id":"https:\/\/laurbanahairsalon13.es\/index.php\/colaboraciones\/#breadcrumb","itemListElement":[{"@type":"ListItem","position":1,"name":"Portada","item":"https:\/\/laurbanahairsalon13.es\/"},{"@type":"ListItem","position":2,"name":"COLABORACIONES"}]}]}},"_links":{"self":[{"href":"https:\/\/laurbanahairsalon13.es\/index.php\/wp-json\/wp\/v2\/pages\/2389"}],"collection":[{"href":"https:\/\/laurbanahairsalon13.es\/index.php\/wp-json\/wp\/v2\/pages"}],"about":[{"href":"https:\/\/laurbanahairsalon13.es\/index.php\/wp-json\/wp\/v2\/types\/page"}],"author":[{"embeddable":true,"href":"https:\/\/laurbanahairsalon13.es\/index.php\/wp-json\/wp\/v2\/users\/1"}],"replies":[{"embeddable":true,"href":"https:\/\/laurbanahairsalon13.es\/index.php\/wp-json\/wp\/v2\/comments?post=2389"}],"version-history":[{"count":13,"href":"https:\/\/laurbanahairsalon13.es\/index.php\/wp-json\/wp\/v2\/pages\/2389\/revisions"}],"predecessor-version":[{"id":3025,"href":"https:\/\/laurbanahairsalon13.es\/index.php\/wp-json\/wp\/v2\/pages\/2389\/revisions\/3025"}],"wp:attachment":[{"href":"https:\/\/laurbanahairsalon13.es\/index.php\/wp-json\/wp\/v2\/media?parent=2389"}],"curies":[{"name":"wp","href":"https:\/\/api.w.org\/{rel}","templated":true}]}}